d by 974.
973
What is the remainder when 9869287 is divided by 3289735?
82
Calculate the remainder when 31637474 is divided by 1030.
1024
Calculate the remainder when 24917294 is divided by 284.
270
What is the remainder when 29075812 is divided by 7488?
7396
What is the remainder when 438967 is divided by 67?
50
Calculate the remainder when 69362 is divided by 860.
562
What is the remainder when 256333 is divided by 811?
57
What is the remainder when 1697974 is divided by 748?
14
What is the remainder when 49561 is divided by 2475?
61
Calculate the remainder when 38337 is divided by 12103.
2028
Calculate the remainder when 487474 is divided by 20311.
10
What is the remainder when 94205250 is divided by 13?
9
What is the remainder when 11326 is divided by 10869?
457
What is the remainder when 2181979 is divided by 1980?
19
What is the remainder when 620024 is divided by 206514?
482
What is the remainder when 8858525 is divided by 182?
39
What is the remainder when 102093 is divided by 77?
68
What is the remainder when 62671 is divided by 3166?
2517
Calculate the remainder when 6880238 is divided by 1024.
1006
What is the remainder when 488446 is divided by 244039?
368
Calculate the remainder when 47767 is divided by 11909.
131
What is the remainder when 166430748 is divided by 201490?
8
Calculate the remainder when 2093937 is divided by 180.
177
Calculate the remainder when 33763977 is divided by 74.
71
What is the remainder when 153244 is divided by 51076?
16
Calculate the remainder when 3578381 is divided by 2392.
2341
What is the remainder when 77411 is divided by 18740?
2451
What is the remainder when 3624349 is divided by 185?
14
What is the remainder when 287718 is divided by 1777?
1621
Calculate the remainder when 5430315 is divided by 362021.
0
Calculate the remainder when 6440246 is divided by 246.
212
Calculate the remainder when 524212 is divided by 332.
316
What is the remainder when 45255402 is divided by 7?
3
Calculate the remainder when 143969 is divided by 7193.
109
What is the remainder when 3053294 is divided by 23?
21
Calculate the remainder when 13585226 is divided by 86.
64
What is the remainder when 166607 is divided by 389?
115
Calculate the remainder when 37082804 is divided by 14.
10
Calculate the remainder when 2801839 is divided by 481.
14
What is the remainder when 1751962 is divided by 257?
250
What is the remainder when 464945 is divided by 46490?
45
What is the remainder when 101911 is divided by 3209?
2432
Calculate the remainder when 32056743 is divided by 24.
15
Calculate the remainder when 13590072 is divided by 4530023.
3
Calculate the remainder when 12485416 is divided by 891815.
6
Calculate the remainder when 93272204 is divided by 48.
44
Calculate the remainder when 15542323 is divided by 10.
3
Calculate the remainder when 149357 is divided by 505.
382
Calculate the remainder when 1422969 is divided by 361.
268
Calculate the remainder when 1638545 is divided by 485.
215
Calculate the remainder when 189914 is divided by 27124.
46
Calculate the remainder when 4963462 is divided by 2407.
228
Calculate the remainder when 17888519 is divided by 60.
59
Calculate the remainder when 12672242 is divided by 1584025.
42
Calculate the remainder when 21161711 is divided by 267869.
60
Calculate the remainder when 34419 is divided by 11324.
447
Calculate the remainder when 166912 is divided by 27650.
1012
What is the remainder when 420178 is divided by 210081?
16
Calculate the remainder when 43594 is divided by 3199.
2007
What is the remainder when 8681640 is divided by 8681625?
15
Calculate the remainder when 496474 is divided by 10132.
6
What is the remainder when 2325925 is divided by 379?
2
What is the remainder when 23516005 is divided by 3423?
3418
Calculate the remainder when 265763 is divided by 3649.
3035
What is the remainder when 23224864 is divided by 10490?
4
Calculate the remainder when 15916 is divided by 15830.
86
Calculate the remainder when 131767 is divided by 14250.
3517
What is the remainder when 36070916 is divided by 62?
60
Calculate the remainder when 212471 is divided by 362.
339
What is the remainder when 66342 is divided by 9202?
1928
What is the remainder when 3196786 is divided by 1110?
1096
Calculate the remainder when 94518 is divided by 2064.
1638
What is the remainder when 5067379 is divided by 667?
180
What is the remainder when 11575622 is divided by 1076?
14
Calculate the remainder when 2039480 is divided by 161.
93
What is the remainder when 35191199 is divided by 2640?
2639
What is the remainder when 794811 is divided by 132467?
9
What is the remainder when 35044 is divided by 16313?
2418
What is the remainder when 262281 is divided by 4947?
90
Calculate the remainder when 436683 is divided by 2426.
3
What is the remainder when 6715999 is divided by 254?
239
What is the remainder when 81893 is divided by 81402?
491
What is the remainder when 253716 is divided by 7019?
1032
Calculate the remainder when 23194 is divided by 11184.
826
What is the remainder when 84212 is divided by 6454?
310
Calculate the remainder when 367524337 is divided by 8756.
8749
Calculate the remainder when 40134784 is divided by 63105.
4
What is the remainder when 1569015 is divided by 4346?
109
Calculate the remainder when 573403 is divided by 543.
538
Calculate the remainder when 201961275 is divided by 19.
15
What is the remainder when 1861995 is divided by 2775?
2745
What is the remainder when 246468 is divided by 880?
68
Calculate the remainder when 78648736 is divided by 26216232.
40
What is the remainder when 815102 is divided by 1081?
28
Calculate the remainder when 3855458 is divided by 264.
2
What is the remainder when 25415602 is divided by 43?
22
Calculate the remainder when 12301004 is divided by 66.
56
Calculate the remainder when 9307081 is divided by 846094.
47
Calculate the remainder when 20457673 is divided by 698.
689
Calculate the remainder when 12776996 is divided by 4111.
8
What is the remainder when 1907467 is divided by 112203?
16
What is the remainder when 7903166 is divided by 23?
21
Calculate the remainder when 3679114 is divided by 44326.
56
Calculate the remainder when 4963392 is divided by 992673.
27
Calculate the remainder when 77638 is divided by 2863.
337
What is the remainder when 7699239 is divided by 33?
9
What is the remainder when 1758563 is divided by 27?
26
Calculate the remainder when 410338 is divided by 120.
58
Calculate the remainder when 174372 is divided by 57374.
2250
What is the remainder when 113097759 is divided by 10?
9
Calculate the remainder when 153363 is divided by 379.
247
What is the remainder when 145061 is divided by 7550?
1611
What is the remainder when 8651005 is divided by 2162749?
9
What is the remainder when 1476779 is divided by 418?
403
What is the remainder when 3829721 is divided by 1543?
1538
Calculate the remainder when 313280799 is divided by 1720.
1719
Calculate the remainder when 1059189 is divided by 4881.
12
Calculate the remainder when 841140 is divided by 114.
48
Calculate the remainder when 917309 is divided by 677.
651
Calculate the remainder when 61499 is divided by 2514.
1163
What is the remainder when 115496 is divided by 6026?
1002
Calculate the remainder when 211689 is divided by 21.
9
What is the remainder when 4129978 is divided by 4129791?
187
What is the remainder when 1899740 is divided by 850?
840
Calculate the remainder when 78362 is divided by 2773.
718
What is the remainder when 91982983 is divided by 157?
137
Calculate the remainder when 75061 is divided by 1054.
227
What is the remainder when 5479248 is divided by 1238?
1098
What is the remainder when 1379396 is divided by 200?
196
What is the remainder when 57498 is divided by 26798?
3902
What is the remainder when 9267194 is divided by 1853436?
14
Calculate the remainder when 1671344 is divided by 5256.
5192
What is the remainder when 14611 is divided by 3433?
879
Calculate the remainder when 5097366 is divided by 2101.
340
Calculate the remainder when 33682394 is divided by 8420598.
2
Calculate the remainder when 44658 is divided by 99.
9
What is the remainder when 2542000 is divided by 55?
10
Calculate the remainder when 5436 is divided by 1075.
61
What is t